t common divisor of m and v.
2
Let f be 2 - -9*(-488)/(-8). Let o = f - 245. What is the greatest common factor of 18 and o?
18
Suppose -170226 = -26*x - 9858. What is the highest common divisor of x and 24?
24
Let f(o) = o - 8. Suppose 0 = -w - 4*w - 105. Let u = w - -45. Let x be f(u). Calculate the highest common factor of 64 and x.
16
Suppose 0 = -126*k + 117*k + 252. Let s = -28 + 32. What is the highest common factor of k and s?
4
Let v be (1/(-2))/(10701/2142 - 5). Let l = v - 89. What is the greatest common factor of l and 42?
6
Let h = 34046 - 33137. Calculate the greatest common factor of h and 9.
9
Let c(z) = 120*z**2 + 30*z - 30. Let s be c(1). What is the greatest common factor of 76 and s?
4
Suppose -1855 = -3*m + 41*j - 36*j, 3*m = -2*j + 1862. What is the highest common divisor of 820 and m?
20
Suppose 19*h - 5*c + 190 = 24*h, 4*h - 112 = 4*c. Calculate the highest common factor of 121 and h.
11
Let c(g) = g**2 + 55*g - 748. Let k be c(12). Calculate the highest common divisor of k and 350.
14
Suppose 13*h - 10*h + 270 = 5*q, 0 = -3*q + 5*h + 162. Suppose q*r - 48*r = 120. Calculate the greatest common factor of 85 and r.
5
Let g(x) = 12*x**2 + 3*x - 2. Let q be g(-2). Let o = 40 - q. Let p be 1 - (-3*(-3)/(-9) - o). Calculate the greatest common divisor of 1 and p.
1
Suppose -10 = 3*t - 52. Let m(y) = 3*y - 34. Let z be m(t). Suppose -z*h = 24 - 112. Calculate the highest common factor of 253 and h.
11
Let z = 1500 + -1424. Suppose -5*s = -0*n + 4*n - 111, 5*n - 1 = s. Calculate the greatest common factor of z and s.
19
Suppose -371 = -22*w - 151. What is the greatest common divisor of w and 2345?
5
Let t = 31507 + -31492. Let n be (-1)/(-3 + 80/27). What is the highest common divisor of t and n?
3
Let x be (-3)/(-3)*(-7 + 84). Let k = 653 - x. Calculate the greatest common factor of k and 24.
24
Let i = -153 + 105. Let k be (-1)/(-3 - 140/i). Suppose 2*f = -2*z + 304, 0 = 2*z + 3*f - 0*f - 300. What is the highest common divisor of z and k?
12
Let x be 16 - 6/3 - -505. What is the greatest common factor of x and 692?
173
Suppose 13*n - 78 = 156. What is the highest common divisor of n and 2280?
6
Let n = 44493 - 44483. Calculate the greatest common divisor of 1525 and n.
5
Suppose -3*h = -0 - 15, 0 = 3*b - 5*h + 25. Suppose b = -20*k - 9*k + 1827. Let p be (-3)/(-6)*72/2. Calculate the highest common divisor of p and k.
9
Let x = 660122 - 660119. Let w(u) = 3*u**3 - 3*u**2 + 2*u - 3. Let a be w(3). Calculate the highest common factor of a and x.
3
Suppose -a - 11 = 3*p - 0*p, 2*p + 13 = 5*a. Let z be 2 - (-421 + a + -2). Let d = z + -253. What is the greatest common factor of 19 and d?
19
Suppose 77*j - 1728 = 2969. Calculate the greatest common divisor of j and 5002.
61
Suppose -5*t = 5*j - 20, 0 = -t + 5*j + 3 + 1. Suppose -682 = -t*l + 806. Suppose l = 3*f + 141. What is the highest common divisor of 11 and f?
11
Let c(g) = g**3 - 37*g**2 - 39*g + 57. Let t be c(38). Suppose 2*k + t*k - 1470 = 0. Calculate the greatest common divisor of k and 56.
14
Let z be (3 + (-64)/12)*-18. Suppose c - 5*j = -8*j + 51, 4*j - 47 = -c. Calculate the greatest common factor of z and c.
21
Suppose -379 = -8*x - 139. Calculate the greatest common factor of 6315 and x.
15
Let s(o) = -o**2 + 6*o. Let q be s(6). Let g = 15 + q. Let i = g + 65. What is the greatest common divisor of 10 and i?
10
Let w be -46*(-60)/24 - -15. What is the highest common divisor of 26 and w?
26
Let g(u) = u**3 + 6*u**2 - 6*u + 13. Let r be g(-7). Suppose -n - r*n + 189 = 0. Suppose n*i = 30*i - 228. Calculate the greatest common factor of i and 19.
19
Let m be ((-3)/90*-6*-93)/((-2)/70). Calculate the greatest common factor of 6727 and m.
217
Suppose -5 + 29 = 3*x. Let y(c) = -7 + 3*c + c + x*c - 5*c. Let f be y(5). Calculate the greatest common factor of f and 56.
28
Suppose 220*y - 9052 = -125*y + 15098. Calculate the greatest common factor of y and 380.
10
Let h = -90 + 240. Let r = 8 - 4. Suppose r*q - q - h = 0. What is the highest common divisor of q and 10?
10
Let s(p) = -399*p**3 + 8*p**2 - 14*p - 52. Let g be s(-2). Calculate the highest common divisor of 25 and g.
25
Suppose 399*a + 416 = 451*a. Let c = 79 - 56. Suppose -2*p + 3 = r - c, -r = -p - 35. What is the greatest common factor of a and r?
8
Let r(i) = 7*i - 1. Let s be r(3). Suppose 16 = k + s. Let w be (-1)/((16/k)/28). Calculate the highest common divisor of w and 63.
7
Let f be 3/(-9) + 1 - (-196300)/75. What is the highest common divisor of 154 and f?
154
Suppose 0 = 2*d - x + 160, -2*d - 393 = 3*d + x. Suppose 320 = 5*y - 9*y. Let c = d - y. What is the highest common divisor of c and 3?
1
Let m be -14 - (-5 + -6) - -817. What is the highest common factor of 110 and m?
22
Let d(n) = -58*n + 764. Let g be d(13). Calculate the highest common divisor of g and 135.
5
Suppose 3*t - 5*c = 120, 92 + 83 = 4*t - 5*c. Calculate the highest common divisor of 100 and t.
5
Let m(v) = v**2 - v - 4. Let y be m(-6). Let u be (-32)/(-6) + (-8)/6. Let z be u*(-5)/40*-152. What is the highest common divisor of z and y?
38
Let j be 3/(-1 + (-26)/(-20)). Let w be 4/j - (-1584)/40. Let l be (-56)/21*225/(-10). What is the greatest common divisor of l and w?
20
Suppose 147 = 8*s - 301. Suppose 5*h = c - 130, 0 = -h - 0*c + c - 26. Let g = h - -40. Calculate the greatest common factor of s and g.
14
Let z = 9 - 2. Let r = -44 + 184. Suppose -10*i = -15*i + r. Calculate the greatest common factor of z and i.
7
Let u = 277 - 140. Let z = -90 + u. Let j = 63 - z. Calculate the greatest common factor of j and 32.
16
Let q = 6 + 0. Let m = -79893 - -79899. What is the greatest common factor of q and m?
6
Suppose 53249 - 28893 + 590154 = 26*g. What is the highest common divisor of g and 145?
145
Let g be (-97254)/(-216) + (-11)/(-4) + -3. Calculate the greatest common divisor of g and 18.
18
Let v = -146 - -82. Let y = -64 - v. Suppose y = -3*p + 3, 2 = c - p - 11. What is the highest common divisor of c and 112?
14
Let s(l) = -l**3 + 15*l**2 - 29*l + 59. Suppose -5*o - 3*b + 80 = 2*b, o = 2*b + 7. Let h be s(o). Calculate the greatest common factor of 580 and h.
20
Suppose -3*t = 3*v - 15885, -34*t + 5285 = v - 38*t. What is the greatest common divisor of v and 67?
67
Let w be (35 - -1)*((-1037)/(-102) - 10). Calculate the greatest common divisor of w and 2859.
3
Let z(j) = -8*j**2 + 4*j + 4. Let c be z(-1). Let a be 25*(-4)/(0 - (-4)/c). What is the highest common divisor of a and 80?
40
Let u be 0 + (3 - 1) + -8. Let z = 1605 + -1609. Let c be 116/u*z - (-28)/42. What is the highest common factor of c and 52?
26
Let y = 73 + -53. Let v be (950/(-152))/(1 + (-21)/y). Calculate the highest common factor of 75 and v.
25
Suppose 2*r - 148 + 23 = 5*m, -5*r - m + 272 = 0. Let h = 55 - r. Let t(s) = s + 264. Let x be t(h). What is the highest common divisor of x and 33?
33
Suppose -7*n = 26*n - 231. Suppose 0 = 3*i - 4*i - 5*b + 391, -4*b = 4*i - 1500. Calculate the highest common factor of i and n.
7
Let x be (45/25)/((-9)/(-30)). Suppose -o - 5*v = x - 3, 3*o + v = 19. What is the highest common factor of o and 175?
7
Let i be 3751/682*(-1676)/(-11). What is the greatest common divisor of i and 2?
2
Let x(d) = 7195*d**2 - 124*d - 121. Let i be x(-1). What is the highest common divisor of 610 and i?
122
Let j(g) = -g**2 + 23*g + 2164. Let x be j(-36). What is the greatest common factor of 2230 and x?
10
Let f = -22931 + 23129. Calculate the highest common divisor of f and 2259.
9
Let i(h) = -3*h**2 - 42*h - 76. Let d be i(-4). What is the greatest common divisor of 1100 and d?
44
Suppose 57*j - 52*j + 1915 = 0. Let l = j - -387. Calculate the highest common divisor of l and 52.
4
Suppose 2*s - 3*y = s + 13904, -s + 13884 = 2*y. What is the highest common factor of 92 and s?
92
Let t = -14959 - -18474. What is the greatest common divisor of 19 and t?
19
Suppose 53*c - 44*c - 66*c = -228. Calculate the greatest common factor of c and 3292.
4
Let x = -11427 + 13323. What is the greatest common divisor of x and 120?
24
Suppose b + 177 = 4*x, 21 = 3*x + 5*b - 83. Let n = -58 - -1434. What is the greatest common divisor of x and n?
43
Let i(r) = -149*r + 2992. Let q be i(20). What is the greatest common divisor of 4596 and q?